base 5, what is 1 + 124411?
124412
In base 8, what is -537 + 7?
-530
In base 16, what is 0 - -2045?
2045
In base 7, what is -2 - -100663?
100661
In base 5, what is 30401 + 111?
31012
In base 16, what is 97 + -48?
4f
In base 14, what is -5 - -a7485?
a7480
In base 8, what is 125 + 1041?
1166
In base 5, what is -20244 - 402?
-21201
In base 7, what is 3415 - -201?
3616
In base 16, what is -e - 1e5?
-1f3
In base 7, what is 130652 - -162?
131144
In base 4, what is -3 - -121020020?
121020011
In base 9, what is -8 - -3572?
3563
In base 6, what is 1041505 - -1?
1041510
In base 6, what is 10042 + 5?
10051
In base 10, what is -17 + 238189?
238172
In base 5, what is 43431434 - 1?
43431433
In base 8, what is 31244 + -26?
31216
In base 7, what is 20100601 + 3?
20100604
In base 12, what is 20a - -174?
382
In base 3, what is -1201110 + 20?
-1201020
In base 11, what is -49a + -39a7?
-4396
In base 11, what is -10a769 + -4?
-10a772
In base 5, what is 1 + 1014002?
1014003
In base 15, what is 1c + -1eac?
-1e90
In base 11, what is a488 + 61?
a539
In base 3, what is -110 - -21222020020?
21222012210
In base 12, what is -4 + 68971?
68969
In base 12, what is a + 848?
856
In base 6, what is -2302315 - 1?
-2302320
In base 2, what is -111 - 10110111001?
-10111000000
In base 12, what is -4 - -125b4a?
125b46
In base 8, what is 23565 - 1?
23564
In base 15, what is -1aa - -14a6?
12eb
In base 11, what is -5 - -260949?
260944
In base 13, what is 15177 + -1?
15176
In base 8, what is -27 + 73275?
73246
In base 6, what is 15 - 5314?
-5255
In base 12, what is -1753 + -11b?
-1872
In base 4, what is -120 - -3121331?
3121211
In base 9, what is -5434 - -51?
-5373
In base 2, what is -111000101011001101 - -1101?
-111000101011000000
In base 12, what is 1 + 368344?
368345
In base 11, what is 262002 - 2?
262000
In base 8, what is -110315 - 3?
-110320
In base 7, what is 163 + -1323?
-1130
In base 6, what is 112 - -3134?
3250
In base 11, what is -1 - -2751?
2750
In base 15, what is -34 - -5084?
5050
In base 13, what is a + -1121?
-1114
In base 11, what is 16a2 + 25?
1717
In base 11, what is 36 + 46a6?
4731
In base 7, what is 201511 + 51?
201562
In base 7, what is -3204 - -150?
-3024
In base 8, what is 7144 + 1?
7145
In base 11, what is 1 - 86613?
-86612
In base 4, what is 10010330 - 2330?
10002000
In base 11, what is -106 + 312?
207
In base 11, what is -2 + -2205?
-2207
In base 2, what is 10011010 - -101011101?
111110111
In base 4, what is 22103103 - -11?
22103120
In base 16, what is -49 - 0?
-49
In base 9, what is 87 + 25787?
25885
In base 10, what is -106 - -289?
183
In base 12, what is 1a9 - 490?
-2a3
In base 12, what is -13b5 - 563?
-1958
In base 14, what is c2 + 8a3?
985
In base 10, what is -2896 - -17?
-2879
In base 16, what is -2a + -295?
-2bf
In base 3, what is -121 + 1110111011?
1110110120
In base 3, what is 20 - -220212020?
220212110
In base 15, what is 10 - -575?
585
In base 4, what is -11 - -1023021012?
1023021001
In base 14, what is 4ba76 + 1?
4ba77
In base 11, what is -14 + -8680?
-8694
In base 14, what is -a45 - 8?
-a4d
In base 16, what is -dcca6 - -3?
-dcca3
In base 6, what is 5112 - 34?
5034
In base 14, what is -847 + -20?
-867
In base 10, what is -37169 - -17?
-37152
In base 16, what is -2b4 + 90?
-224
In base 14, what is -287 + 60?
-227
In base 10, what is -4029 + 208?
-3821
In base 13, what is 46 + 2579?
25c2
In base 10, what is -6169 + 5?
-6164
In base 7, what is -6461021 + -2?
-6461023
In base 13, what is 180 + 7a2?
952
In base 8, what is -2562 + 717?
-1643
In base 7, what is -30102226 + 5?
-30102221
In base 3, what is 20 + -2222122?
-2222102
In base 16, what is -1520 - -14?
-150c
In base 15, what is 66 + d283?
d2e9
In base 9, what is 1 - -44543?
44544
In base 14, what is 1bb5 + 10?
1bc5
In base 4, what is -12 - -210121?
210103
In base 7, what is -4 - 416632?
-416636
In base 11, what is -5944 - -20?
-5924
In base 7, what is 1011014 - -2?
1011016
In base 9, what is -45087 + 0?
-45087
In base 7, what is 11311 - -35?
11346
In base 16, what is 4 + -ba75?
-ba71
In base 9, what is 4 + -3358?
-3354
In base 9, what is 43 + -4042?
-3888
In base 7, what is 5 + -23313?
-23305
In base 16, what is 22e59 + 4?
22e5d
In base 4, what is 333203 + -10?
333133
In base 8, what is -25 - -5343?
5316
In base 6, what is 125555553 - -2?
125555555
In base 11, what is 0 - 155101?
-155101
In base 9, what is -6524 - 4?
-6528
In base 13, what is 143c7 + 11?
14408
In base 8, what is 741 + -215?
524
In base 13, what is 120 - -28b?
3ab
In base 3, what is 1222211122002 + 11?
1222211122020
In base 13, what is 14a44 + 1b?
14a62
In base 13, what is 4 + -718a?
-7186
In base 12, what is -45b + 481?
22
In base 3, what is 110111 - 2002122?
-1122011
In base 13, what is -129cb - -18?
-129b3
In base 12, what is 899b - 3?
8998
In base 9, what is 37772 - -45?
37827
In base 6, what is 5011553 + 5?
5012002
In base 10, what is -36 + -373?
-409
In base 9, what is 21348 - 27?
21321
In base 14, what is 52d + 13c4?
1913
In base 5, what is -2104 + 4221?
2112
In base 3, what is -1 + -112112011120?
-112112011121
In base 7, what is -52213 - 3?
-52216
In base 14, what is -247 + -78d?
-9d6
In base 11, what is -630342 + 2?
-630340
In base 16, what is -5 + -12a7e?
-12a83
In base 2, what is 10110111010111100100 - 1?
10110111010111100011
In base 2, what is 1100111 - 110001001101?
-101111100110
In base 2, what is -1 + -11101000010100?
-11101000010101
In base 15, what is 1ce26 - 9?
1ce1c
In base 6, what is -1333340 + -2?
-1333342
In base 13, what is 4 + 8c80?
8c84
In base 10, what is 268 + -37?
231
In base 14, what is -1c2 - cca?
-10ac
In base 13, what is -2c + -8569?
-8598
In base 3, what is -11100222021 + -1?
-11100222022
In base 12, what is -198 - 225?
-401
In base 7, what is -351 + 30133?
26452
In base 2, what is 100 + -10111110111111?
-10111110111011
In base 13, what is 1998 - -8c?
1a57
In base 8, what is 10 + 121250?
121260
In base 14, what is 39653 + 4?
39657
In base 9, what is -11034 - 2?
-11036
In base 12, what is 2 - 5101?
-50bb
In base 7, what is -4023320 + 4?
-4023313
In base 11, what is -11 - 3a97?
-3aa8
In base 5, what is -103 + 304224?
304121
In base 15, what is e809 + 1?
e80a
In base 15, what is -615 + -2c?
-642
In base 10, what is -1061 + -125?
-1186
In base 4, what is -3 + -1312003201?
-1312003210
In base 13, what is 2702 + 28?
272a
In base 11, what is -6a3 + -564?
-1157
In base 13, what is 283c6 + 1?
283c7
In base 13, what is 1301 + -12?
12bc
In base 11, what is 2146 - -8?
2153
In base 6, what is 152344 + -53?
152251
In base 7, what is 11246 - -50?
11326
In base 11, what is 9 - -18324a?
183258
In base 8, what is -5 - -4443?
4436
In base 5, what is 34301 + -1331?
32420
In base 5, what is -101104 - 30?
-101134
In base 13, what is -2 - 2ab5?
-2ab7
In base 12, what is 13 + -15884?
-15871
In base 9, what is -11017 + 3?
-11014
In base 8, what is -5376 + -371?
-5767
In base 3, what is -1110 - -1110000121?
1102222011
In base 15, what is 3 - ce0a?
-ce07
In base 8, what is -55 - 41046?
-41123
In base 4, what is -10 + -11112003232?
-11112003302
In base 11, what is 3 + -35a42?
-35a3a
In base 11, what is 40 - 2738a?
-2734a
In base 16, what is -22 + -17c?
-19e
In base 13, what is -1145 + 2?
-1143
In base 12, what is 3495 - -18?
34b1
In base 14, what is -d42 + -7?
-d49
In base 5, what is -23230240 + 14?
-23230221
In base 7, what is -2541 + -130?
-3001
In base 13, what is -2987c - -3?
-29879
In base 9, what is 221246 + 2?
221248
In base 10, what is 4076 - 17?
4059
In base 15, what is -cd83 + -5?
-cd88
In base 3, what is 102122 + 100211?
210110
In base 10, what is 25706 + -8?
25698
In base 8, what is 557 + -37?
520
In base 13, what is -2 + -a625?
-a627
In base 6, what is 2 + 22321?
22323
In base 12, what is 80 - a473?
-a3b3
In base 7, what is 1630535 + 2?
1630540
In base 5, what is 11011 - -24143?
40204
In base 3, what is -1012 - 112222202?
-120000221
In base 12, what is a29 + 411?
123a
In base 11, what is 57 + 16641?
16698
In base 6, what is -123 - -31343?
31220
In base 14, what is 5 + cd6c?
cd73
In base 15, what is 18 - 3e9?
-3d1
In base 12, what is 0 - 800?
-800
In base 16, what is -5 + -4f2e?
-4f33
In base 3, what is -10 + 110120?
110110
In base 2, what is 1101010000011111111 - 11?
1101010000011111100
In base 7, what is 3 + 